{"id":56,"date":"2013-08-02T09:37:33","date_gmt":"2013-08-02T12:37:33","guid":{"rendered":"http:\/\/sindicatopolicial.com.uy\/web\/?page_id=56"},"modified":"2022-08-23T20:31:48","modified_gmt":"2022-08-23T23:31:48","slug":"cooperativas","status":"publish","type":"page","link":"http:\/\/sindicatopolicial.uy\/web\/cooperativas\/","title":{"rendered":"Cooperativas"},"content":{"rendered":"<p><H3>SECRETAR\u00cdA DE VIVIENDAS<\/H3><\/p>\n<p><img fetchpriority=\"high\" decoding=\"async\" src=\"http:\/\/sindicatopolicial.com.uy\/web\/wp-content\/uploads\/2013\/08\/secretaria-viviendas.jpg\" alt=\"secretaria-viviendas\" width=\"700\" height=\"400\" class=\"alignnone size-full wp-image-57\" srcset=\"http:\/\/sindicatopolicial.uy\/web\/wp-content\/uploads\/2013\/08\/secretaria-viviendas.jpg 700w, http:\/\/sindicatopolicial.uy\/web\/wp-content\/uploads\/2013\/08\/secretaria-viviendas-578x330.jpg 578w\" sizes=\"(max-width: 700px) 100vw, 700px\" \/><\/p>\n<p>Cooperativas creadas dentro del SUPU y apoyo de otras que vienen a nuestra instituci\u00f3n que las apoyamos como si se hubieran creado dentro de nuestro Sindicato, hoy hablamos del presente compa\u00f1eros que han comenzado esta noble tarea en Florida, Paysand\u00fa, Maldonado y Salto, bajo la Secretar\u00eda de Jorge Clavijo a nivel Nacional, apoyado Directamente por la Comisi\u00f3n Directiva Nacional  por intermedio del Vice Presidente Alejandro Alvarez.<\/p>\n<p><strong>Florida <\/strong>&#8211;   Covisupu 1, 2 y 3<\/p>\n<p><strong>Maldonado <\/strong>&#8211; Covisupu 1 y 2   trabajan compa\u00f1eros Carmen Tabares, Antonia Sosa y Abero<\/p>\n<p><strong>Paysand\u00fa <\/strong>&#8211; Covisupupay 1 y  20 de abril<\/p>\n<p><strong>Salto <\/strong>&#8211; 10 de Julio Martines y Ramos son quienes trabajan junto al Vice Presidente Alvarez<\/p>\n<p>En pocos d\u00edas se actualizara toda la informaci\u00f3n sobre estas cooperativas.<\/p>\n","protected":false},"excerpt":{"rendered":"<p>SECRETAR\u00cdA DE VIVIENDAS Cooperativas creadas dentro del SUPU y apoyo de otras que vienen a<\/p>\n","protected":false},"author":1,"featured_media":0,"parent":0,"menu_order":0,"comment_status":"closed","ping_status":"closed","template":"","meta":{"ngg_post_thumbnail":0,"footnotes":""},"class_list":["post-56","page","type-page","status-publish","hentry","gallery-content-unit","fancy-gallery-content-unit"],"yoast_head":"<!-- This site is optimized with the Yoast SEO plugin v26.9 - https:\/\/yoast.com\/product\/yoast-seo-wordpress\/ -->\n<title>Cooperativas - Sindicato \u00danico de Policias del Uruguay (SUPU)<\/title>\n<meta name=\"robots\" content=\"index, follow, max-snippet:-1, max-image-preview:large, max-video-preview:-1\" \/>\n<link rel=\"canonical\" href=\"http:\/\/sindicatopolicial.uy\/web\/cooperativas\/\" \/>\n<meta property=\"og:locale\" content=\"es_ES\" \/>\n<meta property=\"og:type\" content=\"article\" \/>\n<meta property=\"og:title\" content=\"Cooperativas - Sindicato \u00danico de Policias del Uruguay (SUPU)\" \/>\n<meta property=\"og:description\" content=\"SECRETAR\u00cdA DE VIVIENDAS Cooperativas creadas dentro del SUPU y apoyo de otras que vienen a\" \/>\n<meta property=\"og:url\" content=\"http:\/\/sindicatopolicial.uy\/web\/cooperativas\/\" \/>\n<meta property=\"og:site_name\" content=\"Sindicato \u00danico de Policias del Uruguay (SUPU)\" \/>\n<meta property=\"article:modified_time\" content=\"2022-08-23T23:31:48+00:00\" \/>\n<meta property=\"og:image\" content=\"http:\/\/sindicatopolicial.com.uy\/web\/wp-content\/uploads\/2013\/08\/secretaria-viviendas.jpg\" \/>\n<meta name=\"twitter:card\" content=\"summary_large_image\" \/>\n<meta name=\"twitter:site\" content=\"@directivasupu\" \/>\n<meta name=\"twitter:label1\" content=\"Tiempo de lectura\" \/>\n\t<meta name=\"twitter:data1\" content=\"1 minuto\" \/>\n<script type=\"application\/ld+json\" class=\"yoast-schema-graph\">{\"@context\":\"https:\/\/schema.org\",\"@graph\":[{\"@type\":\"WebPage\",\"@id\":\"http:\/\/sindicatopolicial.uy\/web\/cooperativas\/\",\"url\":\"http:\/\/sindicatopolicial.uy\/web\/cooperativas\/\",\"name\":\"Cooperativas - Sindicato \u00danico de Policias del Uruguay (SUPU)\",\"isPartOf\":{\"@id\":\"http:\/\/sindicatopolicial.uy\/web\/#website\"},\"primaryImageOfPage\":{\"@id\":\"http:\/\/sindicatopolicial.uy\/web\/cooperativas\/#primaryimage\"},\"image\":{\"@id\":\"http:\/\/sindicatopolicial.uy\/web\/cooperativas\/#primaryimage\"},\"thumbnailUrl\":\"http:\/\/sindicatopolicial.com.uy\/web\/wp-content\/uploads\/2013\/08\/secretaria-viviendas.jpg\",\"datePublished\":\"2013-08-02T12:37:33+00:00\",\"dateModified\":\"2022-08-23T23:31:48+00:00\",\"breadcrumb\":{\"@id\":\"http:\/\/sindicatopolicial.uy\/web\/cooperativas\/#breadcrumb\"},\"inLanguage\":\"es\",\"potentialAction\":[{\"@type\":\"ReadAction\",\"target\":[\"http:\/\/sindicatopolicial.uy\/web\/cooperativas\/\"]}]},{\"@type\":\"ImageObject\",\"inLanguage\":\"es\",\"@id\":\"http:\/\/sindicatopolicial.uy\/web\/cooperativas\/#primaryimage\",\"url\":\"http:\/\/sindicatopolicial.com.uy\/web\/wp-content\/uploads\/2013\/08\/secretaria-viviendas.jpg\",\"contentUrl\":\"http:\/\/sindicatopolicial.com.uy\/web\/wp-content\/uploads\/2013\/08\/secretaria-viviendas.jpg\"},{\"@type\":\"BreadcrumbList\",\"@id\":\"http:\/\/sindicatopolicial.uy\/web\/cooperativas\/#breadcrumb\",\"itemListElement\":[{\"@type\":\"ListItem\",\"position\":1,\"name\":\"Portada\",\"item\":\"http:\/\/sindicatopolicial.uy\/web\/\"},{\"@type\":\"ListItem\",\"position\":2,\"name\":\"Cooperativas\"}]},{\"@type\":\"WebSite\",\"@id\":\"http:\/\/sindicatopolicial.uy\/web\/#website\",\"url\":\"http:\/\/sindicatopolicial.uy\/web\/\",\"name\":\"Sindicato \u00danico de Policias del Uruguay (SUPU)\",\"description\":\"Sindicato \u00danico de Policias del Uruguay\",\"publisher\":{\"@id\":\"http:\/\/sindicatopolicial.uy\/web\/#organization\"},\"potentialAction\":[{\"@type\":\"SearchAction\",\"target\":{\"@type\":\"EntryPoint\",\"urlTemplate\":\"http:\/\/sindicatopolicial.uy\/web\/?s={search_term_string}\"},\"query-input\":{\"@type\":\"PropertyValueSpecification\",\"valueRequired\":true,\"valueName\":\"search_term_string\"}}],\"inLanguage\":\"es\"},{\"@type\":\"Organization\",\"@id\":\"http:\/\/sindicatopolicial.uy\/web\/#organization\",\"name\":\"Sindicato \u00danico de Policias del Uruguay\",\"url\":\"http:\/\/sindicatopolicial.uy\/web\/\",\"logo\":{\"@type\":\"ImageObject\",\"inLanguage\":\"es\",\"@id\":\"http:\/\/sindicatopolicial.uy\/web\/#\/schema\/logo\/image\/\",\"url\":\"http:\/\/sindicatopolicial.uy\/web\/wp-content\/uploads\/2013\/07\/logo-supu-300-e1660692515353.png\",\"contentUrl\":\"http:\/\/sindicatopolicial.uy\/web\/wp-content\/uploads\/2013\/07\/logo-supu-300-e1660692515353.png\",\"width\":150,\"height\":150,\"caption\":\"Sindicato \u00danico de Policias del Uruguay\"},\"image\":{\"@id\":\"http:\/\/sindicatopolicial.uy\/web\/#\/schema\/logo\/image\/\"},\"sameAs\":[\"https:\/\/x.com\/directivasupu\"]}]}<\/script>\n<!-- \/ Yoast SEO plugin. -->","yoast_head_json":{"title":"Cooperativas - Sindicato \u00danico de Policias del Uruguay (SUPU)","robots":{"index":"index","follow":"follow","max-snippet":"max-snippet:-1","max-image-preview":"max-image-preview:large","max-video-preview":"max-video-preview:-1"},"canonical":"http:\/\/sindicatopolicial.uy\/web\/cooperativas\/","og_locale":"es_ES","og_type":"article","og_title":"Cooperativas - Sindicato \u00danico de Policias del Uruguay (SUPU)","og_description":"SECRETAR\u00cdA DE VIVIENDAS Cooperativas creadas dentro del SUPU y apoyo de otras que vienen a","og_url":"http:\/\/sindicatopolicial.uy\/web\/cooperativas\/","og_site_name":"Sindicato \u00danico de Policias del Uruguay (SUPU)","article_modified_time":"2022-08-23T23:31:48+00:00","og_image":[{"url":"http:\/\/sindicatopolicial.com.uy\/web\/wp-content\/uploads\/2013\/08\/secretaria-viviendas.jpg","type":"","width":"","height":""}],"twitter_card":"summary_large_image","twitter_site":"@directivasupu","twitter_misc":{"Tiempo de lectura":"1 minuto"},"schema":{"@context":"https:\/\/schema.org","@graph":[{"@type":"WebPage","@id":"http:\/\/sindicatopolicial.uy\/web\/cooperativas\/","url":"http:\/\/sindicatopolicial.uy\/web\/cooperativas\/","name":"Cooperativas - Sindicato \u00danico de Policias del Uruguay (SUPU)","isPartOf":{"@id":"http:\/\/sindicatopolicial.uy\/web\/#website"},"primaryImageOfPage":{"@id":"http:\/\/sindicatopolicial.uy\/web\/cooperativas\/#primaryimage"},"image":{"@id":"http:\/\/sindicatopolicial.uy\/web\/cooperativas\/#primaryimage"},"thumbnailUrl":"http:\/\/sindicatopolicial.com.uy\/web\/wp-content\/uploads\/2013\/08\/secretaria-viviendas.jpg","datePublished":"2013-08-02T12:37:33+00:00","dateModified":"2022-08-23T23:31:48+00:00","breadcrumb":{"@id":"http:\/\/sindicatopolicial.uy\/web\/cooperativas\/#breadcrumb"},"inLanguage":"es","potentialAction":[{"@type":"ReadAction","target":["http:\/\/sindicatopolicial.uy\/web\/cooperativas\/"]}]},{"@type":"ImageObject","inLanguage":"es","@id":"http:\/\/sindicatopolicial.uy\/web\/cooperativas\/#primaryimage","url":"http:\/\/sindicatopolicial.com.uy\/web\/wp-content\/uploads\/2013\/08\/secretaria-viviendas.jpg","contentUrl":"http:\/\/sindicatopolicial.com.uy\/web\/wp-content\/uploads\/2013\/08\/secretaria-viviendas.jpg"},{"@type":"BreadcrumbList","@id":"http:\/\/sindicatopolicial.uy\/web\/cooperativas\/#breadcrumb","itemListElement":[{"@type":"ListItem","position":1,"name":"Portada","item":"http:\/\/sindicatopolicial.uy\/web\/"},{"@type":"ListItem","position":2,"name":"Cooperativas"}]},{"@type":"WebSite","@id":"http:\/\/sindicatopolicial.uy\/web\/#website","url":"http:\/\/sindicatopolicial.uy\/web\/","name":"Sindicato \u00danico de Policias del Uruguay (SUPU)","description":"Sindicato \u00danico de Policias del Uruguay","publisher":{"@id":"http:\/\/sindicatopolicial.uy\/web\/#organization"},"potentialAction":[{"@type":"SearchAction","target":{"@type":"EntryPoint","urlTemplate":"http:\/\/sindicatopolicial.uy\/web\/?s={search_term_string}"},"query-input":{"@type":"PropertyValueSpecification","valueRequired":true,"valueName":"search_term_string"}}],"inLanguage":"es"},{"@type":"Organization","@id":"http:\/\/sindicatopolicial.uy\/web\/#organization","name":"Sindicato \u00danico de Policias del Uruguay","url":"http:\/\/sindicatopolicial.uy\/web\/","logo":{"@type":"ImageObject","inLanguage":"es","@id":"http:\/\/sindicatopolicial.uy\/web\/#\/schema\/logo\/image\/","url":"http:\/\/sindicatopolicial.uy\/web\/wp-content\/uploads\/2013\/07\/logo-supu-300-e1660692515353.png","contentUrl":"http:\/\/sindicatopolicial.uy\/web\/wp-content\/uploads\/2013\/07\/logo-supu-300-e1660692515353.png","width":150,"height":150,"caption":"Sindicato \u00danico de Policias del Uruguay"},"image":{"@id":"http:\/\/sindicatopolicial.uy\/web\/#\/schema\/logo\/image\/"},"sameAs":["https:\/\/x.com\/directivasupu"]}]}},"_links":{"self":[{"href":"http:\/\/sindicatopolicial.uy\/web\/wp-json\/wp\/v2\/pages\/56","targetHints":{"allow":["GET"]}}],"collection":[{"href":"http:\/\/sindicatopolicial.uy\/web\/wp-json\/wp\/v2\/pages"}],"about":[{"href":"http:\/\/sindicatopolicial.uy\/web\/wp-json\/wp\/v2\/types\/page"}],"author":[{"embeddable":true,"href":"http:\/\/sindicatopolicial.uy\/web\/wp-json\/wp\/v2\/users\/1"}],"replies":[{"embeddable":true,"href":"http:\/\/sindicatopolicial.uy\/web\/wp-json\/wp\/v2\/comments?post=56"}],"version-history":[{"count":2,"href":"http:\/\/sindicatopolicial.uy\/web\/wp-json\/wp\/v2\/pages\/56\/revisions"}],"predecessor-version":[{"id":59,"href":"http:\/\/sindicatopolicial.uy\/web\/wp-json\/wp\/v2\/pages\/56\/revisions\/59"}],"wp:attachment":[{"href":"http:\/\/sindicatopolicial.uy\/web\/wp-json\/wp\/v2\/media?parent=56"}],"curies":[{"name":"wp","href":"https:\/\/api.w.org\/{rel}","templated":true}]}}